{"id":1060,"date":"2014-06-04T22:06:43","date_gmt":"2014-06-04T20:06:43","guid":{"rendered":"http:\/\/konyvhetszeged2014.sk-szeged.hu\/?page_id=1060"},"modified":"2014-06-05T13:45:01","modified_gmt":"2014-06-05T11:45:01","slug":"olvaso-es-jatszoliget","status":"publish","type":"page","link":"http:\/\/konyvhetszeged2014.sk-szeged.hu\/?page_id=1060","title":{"rendered":"Olvas\u00f3- \u00e9s J\u00e1tsz\u00f3liget"},"content":{"rendered":"<p><a href=\"http:\/\/konyvhetszeged2013.sk-szeged.hu\/wp-content\/uploads\/2013\/05\/olvasoliget.jpg\"><img loading=\"lazy\" decoding=\"async\" class=\"alignleft size-full wp-image-1499\" src=\"http:\/\/konyvhetszeged2013.sk-szeged.hu\/wp-content\/uploads\/2013\/05\/olvasoliget.jpg\" alt=\"olvasoliget\" width=\"300\" height=\"122\" \/><\/a><br \/>\nK\u00d6NYVH\u00c9T GYERMEKM\u00d3DRA<\/p>\n<p>Kiemelten fontos, hogy a k\u00f6nyv \u00fcnnepe a gyerekeknek is \u00fcnnep legyen, ez\u00e9rt a gyermekk\u00f6nyvkiad\u00f3k a k\u00f6nyvh\u00e9t alatt gyermekk\u00f6nyvekkel \u00e9s szerz\u0151ikkel, valamint izgalmas gyermekprogramokkal v\u00e1rj\u00e1k a legkisebbeket \u00e9s csal\u00e1djukat. T\u00f6bbek k\u00f6z\u00f6tt lesz\u00a0 Ap\u00e1k napi m\u00f3ka \u00e9s kacag\u00e1s, megcsod\u00e1lhatunk egy matuzs\u00e1lemi kort meg\u00e9rt t\u0171zolt\u00f3aut\u00f3t, n\u00e9zhet\u00fcnk b\u00e1bel\u0151ad\u00e1st \u00e9s mesesz\u00ednh\u00e1zat, az \u00e1llatos k\u00f6nyvek napj\u00e1n tal\u00e1lkozhatunk a Tappancs Alap\u00edtv\u00e1ny ter\u00e1pi\u00e1s kuty\u00e1ival, a 10 \u00e9v felettiek kipr\u00f3b\u00e1lhatnak egy rep\u00fcl\u0151g\u00e9p szimul\u00e1tort, a Kisteh\u00e9n zenekar vezet\u0151j\u00e9vel pedig dedik\u00e1ltathatjuk a Kisteh\u00e9nr\u0151l sz\u00f3l\u00f3 \u00faj mesek\u00f6nyvet.<\/p>\n<p><strong>J\u00fanius 14-\u00e9n szombaton \u00e9s 15-\u00e9n vas\u00e1rnap<\/strong> tud\u00e1st \u00e9s ismeretet k\u00f6zvet\u00edt\u0151 partnerszervezetek OLVAS\u00d3- \u00c9S J\u00c1TSZ\u00d3LIGETtel v\u00e1rj\u00e1k a Dugonics t\u00e9rre az \u00e9rdekl\u0151d\u0151 gyerekeket \u00e9s kedves sz\u00fcleiket:<\/p>\n<p><a href=\"http:\/\/www.sk-szeged.hu\/web\/gyermekportal\" target=\"_blank\">SOMOGYI-K\u00d6NYVT\u00c1R, GYERMEKK\u00d6NYVT\u00c1R<\/a><\/p>\n<p style=\"padding-left: 30px;\">A Somogyi-k\u00f6nyvt\u00e1r Gyermekk\u00f6nyvt\u00e1ra k\u00f6zel 50 \u00e9ve \u00e1ll Szeged lakosainak szolg\u00e1lat\u00e1ban. A k\u00f6nyvt\u00e1rosok a kezdetekt\u0151l a mai napig folyamatosan munk\u00e1lkodnak azon, hogy tart\u00f3s kapcsolatot teremtsenek a gyerekek \u00e9s a k\u00f6nyvt\u00e1r, a k\u00f6nyv, az olvas\u00e1s k\u00f6z\u00f6tt. A klasszikus \u00e9s a leg\u00fajabb ifj\u00fas\u00e1gi k\u00f6nyveket is tartalmaz\u00f3 \u00e1llom\u00e1ny, a csoportos foglalkoz\u00e1sok, rendezv\u00e9nyek, olvas\u00e1sn\u00e9pszer\u0171s\u00edt\u0151 j\u00e1t\u00e9kok sokas\u00e1ga mind ezt a c\u00e9lt szolg\u00e1lja.<br \/>\nAz olvas\u00f3- \u00e9s j\u00e1tsz\u00f3ligetben a gyermekk\u00f6nyvt\u00e1r olyan j\u00e1t\u00e9kos feladatokkal v\u00e1rja a gyermekeket \u00e9s sz\u00fcleiket, amelyek mes\u00e9khez, ifj\u00fas\u00e1gi reg\u00e9nyekhez kapcsol\u00f3dnak. Az interakt\u00edv, egyben fejleszt\u0151 j\u00e1t\u00e9kok a k\u00fcl\u00f6nb\u00f6z\u0151 koroszt\u00e1lyokat megsz\u00f3l\u00edtva keltik fel az \u00e9rdekl\u0151d\u00e9st a t\u00f6rt\u00e9netek ir\u00e1nt.<\/p>\n<p><a href=\"http:\/\/www.egigerokonyvek.hu\" target=\"_blank\">\u00c9GIG\u00c9R\u0150 PROGRAM<\/a><\/p>\n<p style=\"padding-left: 30px;\">Szeged gyermekk\u00f6nyvnapi programjainak t\u00e1rsszervez\u0151ik\u00e9nt s\u00e1trunkn\u00e1l a legjobb gyerek- \u00e9s ifj\u00fas\u00e1gi k\u00f6nyvekkel, hever\u00e9sz\u0151s-\u00fcld\u00f6g\u00e9l\u0151s olvas\u00f3sarokkal, izgalmas gyermekirodalmi programokkal \u00e9s j\u00e1t\u00e9kokkal v\u00e1rjuk az olvasni, lapozgatni v\u00e1gy\u00f3kat, mond\u00f3k\u00e1z\u00f3 tipeg\u0151kt\u0151l a mes\u00e9lni v\u00e1gy\u00f3 nagymam\u00e1kig, csal\u00e1dokt\u00f3l az iskol\u00e1scsoportokig.<\/p>\n<p style=\"padding-left: 30px;\">A &#8222;\u00c9gig\u00e9r\u0151&#8221;-programot az\u00e9rt h\u00edvtuk \u00e9letre, hogy az a sok csoda, ami ma gyermekk\u00f6nyvek form\u00e1j\u00e1ban megsz\u00fcletik megtal\u00e1lja m\u00e9lt\u00f3 hely\u00e9t a csal\u00e1dok \u00e9s a gyermekeinket oktat\u00f3, nevel\u0151 int\u00e9zm\u00e9nyek k\u00f6nyvespolcain.<br \/>\nOlvas\u00e1sn\u00e9pszer\u0171s\u00edt\u0151 munk\u00e1nk sor\u00e1n gyermekirodalmi programokon, pedag\u00f3gusoknak szervezett szakmai programokon \u00e9s alternat\u00edv sz\u00fcl\u0151i \u00e9rtekezleteken igyeksz\u00fcnk felh\u00edvni a gyermekek k\u00f6zel\u00e9ben \u00e9l\u0151k figyelm\u00e9t a mese- \u00e9s olvas\u00e1s fontoss\u00e1g\u00e1ra.<br \/>\nInternetes oldalunk (www.egigerokonyvek.hu) szakmai r\u00e9sze a gyermekirodalommal foglalkoz\u00f3 szervezetek, internetes t\u00e1rsoldalak, blogok gy\u0171jt\u0151oldalak\u00e9nt lehet\u0151v\u00e9 teszi, hogy a hozz\u00e1nk l\u00e1togat\u00f3k min\u00e9l jobban eligazodjanak a gyermek- \u00e9s ifj\u00fas\u00e1gi irodalom vil\u00e1g\u00e1ban \u00e9s a legjobb k\u00f6nyvet a legmegfelel\u0151bb id\u0151ben adj\u00e1k gyermekeik, tan\u00edtv\u00e1nyaik kez\u00e9be.<\/p>\n<p><a href=\"http:\/\/knp.nemzetipark.gov.hu\" target=\"_blank\">KISKUNS\u00c1GI NEMZETI PARK IGAZGAT\u00d3S\u00c1G<\/a><\/p>\n<p style=\"padding-left: 30px;\">A Kiskuns\u00e1gi Nemzeti Park Igazgat\u00f3s\u00e1g interakt\u00edv bemutat\u00f3val, j\u00e1t\u00e9kos feladatokkal v\u00e1rja az \u00e9rdekl\u0151d\u0151ket , \u00edzel\u00edt\u0151t adva a 84. \u00dcnnepi K\u00f6nyvh\u00e9t k\u00f6zponti helysz\u00edn\u00e9n a Szeged k\u00f6rny\u00e9ki v\u00e9dett ter\u00fcletek term\u00e9szeti \u00e9rt\u00e9keib\u0151l, \u00e9l\u0151vil\u00e1g\u00e1b\u00f3l, bemutatva a t\u00e9m\u00e1hoz kapcsol\u00f3d\u00f3 k\u00f6nyveket is. Az \u00e9letkornak megfelel\u0151 j\u00e1t\u00e9kos tesztek kit\u00f6lt\u0151i k\u00f6z\u00f6tt minden nap ingyenes ny\u00edlt t\u00fara bel\u00e9p\u0151ket sorsolunk ki.<\/p>\n<p><a href=\"http:\/\/www.minority-szeged.hu\/\" target=\"_blank\">NEMZETIS\u00c9GEK H\u00c1ZA \u2013 SZEGED<\/a><\/p>\n<p style=\"padding-left: 30px;\">A Nemzetis\u00e9gek H\u00e1za, amelynek fenntart\u00f3ja a Szegedi Nemzetis\u00e9gi \u00d6nkorm\u00e1nyzatok T\u00e1rsul\u00e1sa, fontos feladat\u00e1nak \u00e9rzi, hogy kultur\u00e1lis hidat k\u00e9pezzen a magyarorsz\u00e1gi nemzetis\u00e9gek \u00e9s a &#8222;t\u00f6bbs\u00e9gi&#8221; t\u00e1rsadalom k\u00f6z\u00f6tt. Kapuit igyekszik min\u00e9l sz\u00e9lesebbre t\u00e1rni, hogy min\u00e9l t\u00f6bben betekinthessenek az itt \u00e9l\u0151 nemzetis\u00e9gek szok\u00e1saiba, \u00fcnnepeibe \u00e9s szerte\u00e1gaz\u00f3 kult\u00far\u00e1j\u00e1ba. A Nemzetis\u00e9gek H\u00e1za standj\u00e1n a szegedi nemzetis\u00e9gek kiadv\u00e1nyait ismerhetik meg.<br \/>\n2007-ben a Nemzetis\u00e9gek H\u00e1za a Nemzetis\u00e9gi Sz\u00f6vets\u00e9ggel k\u00f6z\u00f6sen megjelentetett egy v\u00e1logat\u00e1st SOKSZ\u00cdN\u0170 NEMZET\u00dcNK c\u00edmen a nemzetis\u00e9gi mes\u00e9k sz\u00ednes vil\u00e1g\u00e1b\u00f3l. A kedves \u00e9rdekl\u0151d\u00f6k az Olvas\u00f3- \u00e9s J\u00e1tsz\u00f3ligetben j\u00fanius 8-\u00e1n, szombaton 15 \u00e9s 16 \u00f3ra k\u00f6z\u00f6tt, a mes\u00e9k var\u00e1zslatos vil\u00e1g\u00e1n kereszt\u00fcl nyerhetnek betekint\u00e9st a szegeden \u00e9l\u0151 nemzetis\u00e9gek \u00e9let\u00e9be.<\/p>\n<p><a href=\"http:\/\/www.szeged.maltaijatszo.hu\/\" target=\"_blank\">M\u00c1LTAI J\u00c1TSZ\u00d3T\u00c9R \u00c9S J\u00c1TSZ\u00d3H\u00c1Z<\/a><\/p>\n<p style=\"padding-left: 30px;\">A Magyar M\u00e1ltai Szeretetszolg\u00e1lat 1998-ban, Budapesten ind\u00edtotta \u00fatj\u00e1ra a \u201eJ\u00e1tszva megel\u0151zni programj\u00e1t\u201d \u00e9s \u00e9p\u00edtette fel az els\u0151 \u00fan. M\u00e1ltai t\u00edpus\u00fa J\u00e1tsz\u00f3j\u00e1t.<br \/>\nSzeged v\u00e1ros\u00e1ban Retek utcai J\u00e1tsz\u00f3nkat 2001. \u0151sz\u00e9n nyitottuk meg, azzal a c\u00e9llal, hogy korszer\u0171, v\u00e9dett csal\u00e1d- \u00e9s gyermekbar\u00e1t k\u00f6z\u00f6ss\u00e9gi tereket (j\u00e1tsz\u00f3teret \u00e9s szervesen hozz\u00e1 tartoz\u00f3 j\u00e1tsz\u00f3h\u00e1zat) m\u0171k\u00f6dtess\u00fcnk minden olyan csal\u00e1d sz\u00e1m\u00e1ra, akik nem tudnak a k\u00f6zvetlen lak\u00f3k\u00f6rnyezet\u00fckben a gyermekeiknek m\u00e1s akt\u00edv \u00e9s tartalmas, \u00e9letkori saj\u00e1toss\u00e1gokhoz is igazod\u00f3 szabadid\u0151-elt\u00f6lt\u00e9st biztos\u00edtani.<\/p>\n<p style=\"padding-left: 30px;\">A 85. \u00dcnnepi K\u00f6nyvh\u00e9t lehet\u0151s\u00e9get ad arra, hogy az Olvas\u00f3- \u00e9s J\u00e1tsz\u00f3ligetben a k\u00fcl\u00f6nb\u00f6z\u0151 koroszt\u00e1ly\u00fa gyermekek \u00e9s sz\u00fcleik sz\u00e1m\u00e1ra olyan k\u00e9zm\u0171ves foglalkoz\u00e1sokat tartsunk, amelyek a k\u00f6nyvek szeretet\u00e9hez kapcsol\u00f3dnak.<br \/>\nA kisebbek kreativit\u00e1sukat k\u00f6nyvjelz\u0151 \u00e9s kisnotesz k\u00e9sz\u00edt\u00e9s\u00e9vel fejleszthetik, m\u00edg az iskol\u00e1skor\u00fa gyerekek olvas\u00e1ssal egybek\u00f6t\u00f6tt t\u00e1rsasj\u00e1t\u00e9kokkal j\u00e1tszhatnak (pl. Activity, Beugr\u00f3) ezzel is seg\u00edtve a k\u00f6nyvek \u00e9s az olvas\u00e1s n\u00e9pszer\u0171s\u00edt\u00e9s\u00e9t.<\/p>\n<p><a href=\"http:\/\/www.delmagyar.hu\/breki_magazin\/\" target=\"_blank\">BREKI MAGAZIN<\/a><\/p>\n<p style=\"padding-left: 30px;\">A Breki magazin a D\u00e9lmagyarorsz\u00e1g Kiad\u00f3 gyermekmagazinja. A magazin els\u0151sorban 3-6 \u00e9v k\u00f6z\u00f6tti gyerekeknek sz\u00f3l. A 48 oldalas, sz\u00ednes magazinban fejt\u00f6r\u0151k, k\u00e9pess\u00e9gfejleszt\u0151 rejtv\u00e9nyek, mes\u00e9k, mond\u00f3k\u00e1k, kifest\u0151k tal\u00e1lhat\u00f3k.<br \/>\nC\u00e9lunk az, hogy ez a koroszt\u00e1ly ismerje meg magazinunkat, forgassa, olvassa, rajzoljon benne a k\u00f6nyvh\u00e9t ideje alatt is.<\/p>\n<p><a href=\"http:\/\/pilczroland.kalyberjoe.hu\/\" target=\"_blank\">PILCZ ROLAND, a Kalyber Joe-k\u00e9preg\u00e9nyek alkot\u00f3ja<\/a><\/p>\n<p style=\"padding-left: 30px;\">A szegedi k\u00e9preg\u00e9ny-alkot\u00f3 egy\u00fcttrajzol\u00e1sra v\u00e1rja az Olvas\u00f3- \u00e9s J\u00e1tsz\u00f3liget l\u00e1togat\u00f3it.<br \/>\nPilcz Roland \u00edgy vall teremtett h\u0151s\u00e9r\u0151l a konyvesblog.hu internetes oldalon: \u201eSosem akartam vele t\u00fal nagyot mondani. \u201ecsak\u201d sz\u00f3rakoztatni. Els\u0151nek magamat. Azt\u00e1n m\u00e1sokat is. Mivel m\u00e1r 18 \u00e9ve, hogy kital\u00e1ltam a figur\u00e1t, eg\u00e9szen hozz\u00e1m n\u0151tt, mint egy r\u00e9gi bar\u00e1t. Ez\u00e9rt is ennyire a sz\u00edvem cs\u00fccske. Persze sok f\u00e1zison \u00e1tment a karakter. El\u0151sz\u00f6r egy vadnyugati kutya-seriff volt, innen a Kalyber n\u00e9v. Tizenegy \u00e9ves voltam ekkor. K\u00e9s\u0151bb egyre t\u00f6bbet akartam vele kifejezni, egyre ig\u00e9nyesebben; mondhatni egy\u00fctt n\u0151tt\u00fcnk fel. Hamar embert csin\u00e1ltam bel\u0151le, \u00e9s sokat komolyodott, de a f\u0151 vonalai megegyeznek a gyerekkori rajzaimon lev\u0151kkel. Filmek, k\u00e9preg\u00e9nyek persze nagy hat\u00e1ssal voltak \u00e9s vannak r\u00e1m, de m\u00e1r az elej\u00e9t\u0151l fogva az\u00e9rt szerettem meg az eg\u00e9szet, mert \u00fagy \u00e9reztem, hogy van benne valami eredetis\u00e9g, \u00e9s ezt j\u00f3 lehet\u0151s\u00e9gk\u00e9nt \u00e9ltem meg. Im\u00e1dom a fejl\u0151d\u00e9st\u00f6rt\u00e9neteket, \u00e9s a Kalyber m\u00e1r-m\u00e1r egy fejl\u0151d\u00e9st\u00f6rt\u00e9neti iskolap\u00e9lda.\u201d<\/p>\n<p><a href=\"http:\/\/www.belvarosimozi.hu\/\" target=\"_blank\">BELV\u00c1ROSI MOZI<\/a> (j\u00fanius 15.)<\/p>\n<p style=\"padding-left: 30px;\"><strong>Amit k\u00edn\u00e1lunk<\/strong>:<br \/>\n&#8222;\u2026 \u00e9s az Oscart kapja.&#8221; : filmes kv\u00edzek kicsiknek, nagyobbaknak \u00e9s feln\u0151tteknek eg\u00e9sz nap &#8211; a helyes megfejt\u0151k k\u00f6z\u00f6tt csal\u00e1di mozibel\u00e9p\u0151ket \u00e9s a Danuvia s\u00e9tahaj\u00f3 Meseb\u00e1rka j\u00e1rataira csal\u00e1di bel\u00e9p\u0151ket sorsolunk ki.<br \/>\nJ\u00e1tsz\u00f3sarok, benne: &#8222;p\u00f6rget\u0151s f\u00fczetek&#8221; rajzol\u00e1sa, kifest\u0151k meseh\u0151s\u00f6kkel, filmes puzzle-k<br \/>\nB\u00fajj kedvenc meseh\u0151s\u00f6d b\u0151r\u00e9be! Arcfest\u00e9s 14\u201316.00 \u00f3ra k\u00f6z\u00f6tt gyerekeknek<br \/>\nFot\u00f3s fal &#8211; L\u00e1togass el a standunkhoz \u00e9s mi lef\u00e9nyk\u00e9pez\u00fcnk egy film h\u0151s\u00e9nek b\u0151r\u00e9be b\u00fajva!\u00a0 (Viszontl\u00e1thatod magad a Belv\u00e1rosi mozi Facebook-oldal\u00e1n is!)<br \/>\n15.00: A Belv\u00e1rosi mozi, ahogy m\u00e9g nem l\u00e1ttuk : t\u00faravezet\u00e9s pinc\u00e9t\u0151l a padl\u00e1son \u00e1t eg\u00e9szen a g\u00e9ptermekig. Indul\u00e1s a Dugonics t\u00e9rr\u0151l csoportosan.<\/p>\n<p><a href=\"http:\/\/www.fuveszkert.u-szeged.hu\" target=\"_blank\">SZTE F\u00dcV\u00c9SZKERT<\/a><\/p>\n<p style=\"padding-left: 30px;\">A n\u00f6v\u00e9nyvil\u00e1g soksz\u00edn\u0171s\u00e9g\u00e9re szeretn\u00e9nk felh\u00edvni a figyelmet. Az \u00e1lland\u00f3an n\u00f6v\u0151 l\u00e9nyek &#8211; n\u00f6v\u00e9nyek v\u00e1ltozatos \u00e9l\u0151helyeket n\u00e9pes\u00edtenek be, mivel elk\u00f6lt\u00f6zni nem tudnak \u00edgy k\u00e9nytelenek alkalmazkodni. Nemcsak sz\u00edn\u00fckkel \u00e9s form\u00e1jukkal, de \u00e9letm\u00f3djukkal is alkalmazkodnak \u00e9l\u0151hely\u00fckh\u00f6z. Csod\u00e1latos fot\u00f3kkal, rajzokkal illusztr\u00e1lt k\u00f6nyvekb\u0151l mes\u00e9lnek, okulnak gyerekek \u00e9s feln\u0151ttek, de a term\u00e9szet \u00e9s n\u00f6v\u00e9nyvil\u00e1g \u00e9l\u0151, igazi arc\u00e1val ritk\u00e1n tal\u00e1lkoznak. Ezt szeretn\u00e9nk megmutatni az \u00e9rdekl\u0151d\u0151knek.<\/p>\n<p><a href=\"http:\/\/www.zooszeged.hu\/index\" target=\"_blank\">SZEGEDI VADASPARK<\/a><\/p>\n<p style=\"padding-left: 30px;\"><strong>R\u00f3lunk:<\/strong><br \/>\nSzeged \u00e1llatkertje 25 \u00e9ve nyitotta meg kapuit. T\u00e1gas, term\u00e9szeth\u0171 kifut\u00f3ival, k\u00fcl\u00f6nleges \u00e1llatgy\u0171jtem\u00e9ny\u00e9vel hamar elnyerte az \u00e1llat- \u00e9s term\u00e9szetszeret\u0151 k\u00f6z\u00f6ns\u00e9g bizalm\u00e1t. Sokr\u00e9t\u0171 oktat\u00e1si programja ok\u00e1n a v\u00e1ros z\u00f6ld tantermek\u00e9nt m\u0171k\u00f6dik, egyre szaporod\u00f3 l\u00e1tv\u00e1nyoss\u00e1gai \u00e9s \u00e9vr\u0151l \u00e9vre b\u0151v\u00fcl\u0151 rendezv\u00e9nyk\u00edn\u00e1lata miatt pedig a szegediek egyik legkedveltebb kir\u00e1ndul\u00f3helye. Az int\u00e9zm\u00e9ny, k\u00fcldet\u00e9se szerint, az \u00e1llatvil\u00e1g csod\u00e1latos soksz\u00edn\u0171s\u00e9g\u00e9nek bemutat\u00e1sa mellett, a mai felgyorsult vil\u00e1gban a k\u00f6rnyezettudatos \u00e9letm\u00f3d elk\u00f6telezett h\u00edrn\u00f6ke. Standj\u00e1n az id\u00e9n olyan izgalmas, \u00e9l\u0151 \u00e1llatokat felvonultat\u00f3 j\u00e1t\u00e9kos program v\u00e1rja a gyermekeket, feln\u0151tteket egyar\u00e1nt, amely konkr\u00e9t, h\u00e9tk\u00f6znapi v\u00e1laszokat is ad az \u00e9ghajlatv\u00e1ltoz\u00e1s mindny\u00e1junkat \u00e9rint\u0151 k\u00e9rd\u00e9seire.<\/p>\n<p><a href=\"http:\/\/tudaskapu.hu\/\" target=\"_blank\">&#8222;ITT&#8221; \u2013 INTERAKT\u00cdV TERM\u00c9SZETISMERETI TUD\u00c1ST\u00c1R<\/a><\/p>\n<p style=\"padding-left: 30px;\"><strong>Amit k\u00edn\u00e1lunk<\/strong>:<br \/>\nC\u00e9lunk az egykori, s napjainkban is a terepbiol\u00f3gusok rendelkez\u00e9s\u00e9re \u00e1ll\u00f3 gy\u0171jt\u00e9si m\u00f3dszereknek \u00e9s eszk\u00f6z\u00f6knek a j\u00e1t\u00e9kos bemutat\u00e1sa.<br \/>\nA foglalkoztat\u00f3 t\u00e9r kulcsszava az interaktivit\u00e1s, hiszen az inform\u00e1ci\u00f3s csom\u00f3pontokon informat\u00edv oktat\u00e1sra, j\u00e1t\u00e9kos \u00e9s sz\u00f3rakoztat\u00f3 r\u00e9szv\u00e9telre, kreat\u00edv k\u00f6zrem\u0171k\u00f6d\u00e9sre ny\u00edlik lehet\u0151s\u00e9ge az \u00e9rdekl\u0151d\u0151knek.<br \/>\nAz alapismeret elsaj\u00e1t\u00edt\u00e1sa mellett mindenki kipr\u00f3b\u00e1lhatja, mik\u00e9nt dolgozik egy kutat\u00f3.<br \/>\nA kitelep\u00fclt &#8222;Pr\u00f3b\u00e1ld ki laborat\u00f3rium&#8221; k\u00eds\u00e9rletei els\u0151dlegesen az \u00e1ltal\u00e1nos \u00e9s k\u00f6z\u00e9piskol\u00e1s fiatalok sz\u00e1m\u00e1ra k\u00e9sz\u00fclnek, de csal\u00e1dokat \u00e9s a sz\u00e9pkor\u00faakat is szeretn\u00e9nk bevezetni a tudom\u00e1nyos k\u00eds\u00e9rletez\u00e9sbe, a mindennapok k\u00e9miatudom\u00e1ny\u00e1ba.<br \/>\n<strong>R\u00f3lunk:<\/strong><br \/>\nA Szegedi Tudom\u00e1nyegyetem Juh\u00e1sz Gyula Pedag\u00f3gusk\u00e9pz\u0151 Kar Interakt\u00edv Term\u00e9szetismereti Tud\u00e1st\u00e1r \u00e1llattani \u00e9s n\u00f6v\u00e9nytani gy\u0171jtem\u00e9nye a 19. sz\u00e1zad v\u00e9g\u00e9t\u0151l az oktat\u00e1shoz kapcsol\u00f3d\u00f3, rendszeres terepi kutat\u00f3- \u00e9s gy\u0171jt\u0151munka sor\u00e1n alakult ki, \u00e9s v\u00e1lt a nemzeti kultur\u00e1lis \u00f6r\u00f6ks\u00e9g r\u00e9sz\u00e9v\u00e9.<br \/>\nAz Interakt\u00edv Term\u00e9szetismereti Tud\u00e1st\u00e1r a hagyom\u00e1nyok \u0151rz\u00e9s\u00e9vel \u00e9s bemutat\u00e1s\u00e1val, de a modern technika alkalmaz\u00e1s\u00e1val is szeretne hozz\u00e1j\u00e1rulni ahhoz, hogy az ide l\u00e1togat\u00f3k k\u00f6nnyebben, szakszer\u0171bben \u00e9s \u00e9lm\u00e9nyszer\u0171en tudjanak eligazodni a term\u00e9szettudom\u00e1nyok \u00e9rdekes \u00e9s v\u00e1ltoz\u00f3 vil\u00e1g\u00e1ban.<\/p>\n<p><a href=\"http:\/\/www.ihrendezvenykozpont.hu\/\" target=\"_blank\">SZEGEDI IFJ\u00daS\u00c1GI H\u00c1Z NONPROFIT KFT.<\/a><\/p>\n<p style=\"padding-left: 30px;\"><strong>Amit k\u00edn\u00e1lunk<\/strong>:<br \/>\nT\u00e1rsasj\u00e1t\u00e9kok, EU-fal, instant \u00fajs\u00e1g, film \u00e9s r\u00e1di\u00f3anyag k\u00e9sz\u00edt\u00e9se, kreat\u00edv k\u00e9zm\u0171ves tev\u00e9kenys\u00e9gek. T\u00e1j\u00e9koztat\u00e1st ny\u00fajtunk a fiatalok sz\u00e1m\u00e1ra az Erasmus + Program \u00e1ltal k\u00edn\u00e1lt nemzetk\u00f6zi p\u00e1ly\u00e1zati lehet\u0151s\u00e9gekr\u0151l, az ifj\u00fas\u00e1gi inform\u00e1ci\u00f3-szolg\u00e1ltat\u00e1st ny\u00fajt\u00f3 Eurodesk h\u00e1l\u00f3zatr\u00f3l. J\u00fanius 16-\u00e1n partner\u00fcnk, a Nem Adom Fel Alap\u00edtv\u00e1ny munkat\u00e1rsai tartanak \u00e9rz\u00e9keny\u00edt\u0151 tev\u00e9kenys\u00e9geket. A program sor\u00e1n nyitott polcot m\u0171k\u00f6dtet\u00fcnk, melynek keret\u00e9ben \u201eHozz egy k\u00f6nyvet, vigy\u00e9l egyet\u201d akci\u00f3t folytatunk. Ha valaki elhozza hozz\u00e1nk megunt k\u00f6nyv\u00e9t, vihet egyet a polcunkr\u00f3l.<br \/>\n<strong>R\u00f3lunk:<br \/>\n<\/strong>Az Ifj\u00fas\u00e1gi H\u00e1z sz\u00e1mos olyan tev\u00e9kenys\u00e9get val\u00f3s\u00edt meg, amelyek c\u00e9lja a fiatalok bevon\u00e1sa k\u00fcl\u00f6nb\u00f6z\u0151 k\u00f6z\u00f6ss\u00e9gi tev\u00e9kenys\u00e9gekbe. Az int\u00e9zm\u00e9ny \u00e1ltal l\u00e9trehozott D2 Ifj\u00fas\u00e1gi Fejleszt\u0151 \u00e9s M\u00e9diak\u00f6zpont (Szeged, D\u00f3zsa Gy. u. 2.) k\u00fcl\u00f6nb\u00f6z\u0151 tev\u00e9kenys\u00e9gekkel inspir\u00e1lja a fiatalokat olvas\u00e1sra \u00e9s \u00edr\u00e1sra is. A K\u00f6nyvh\u00e9t sor\u00e1n megval\u00f3sul\u00f3 programok \u00edzel\u00edt\u0151t adnak e szolg\u00e1ltat\u00e1sainkb\u00f3l. Most mutatkozik be els\u0151 alkalommal felkeres\u0151 szolg\u00e1ltat\u00e1sokat ny\u00fajt\u00f3 kisbuszunk, amellyel a j\u00f6v\u0151ben az eg\u00e9sz megy\u00e9ben sz\u00ednes\u00edteni k\u00edv\u00e1njuk a fiatalok sz\u00e1m\u00e1ra szervezett programokat.<\/p>\n<p>\u201eN\u0150I SZAKASZ&#8221; S\u00c1TOR (j\u00fanius ???) \u2013 Tud\u00e1sklaszter Nonprofit Kft, T\u00f3 Office K\u00f6z\u00f6ss\u00e9gi Iroda, N\u00e1sfa Egyes\u00fclet<\/p>\n<p style=\"padding-left: 30px;\"><strong>Amit k\u00edn\u00e1lunk<\/strong>:<br \/>\nEg\u00e9szs\u00e9gmeg\u0151rz\u00e9s: J\u00fanius 14-\u00e9n, szombaton 10 \u00e9s 12 \u00f3ra k\u00f6z\u00f6tt a N\u00e1sfa Egyes\u00fclet v\u00e1r mindenkit szeretettel egy \u00e1llapotfelm\u00e9r\u00e9sre.<br \/>\nK\u00f6nyv-cserebere: Hozd el haszn\u00e1lt, de m\u00e9g j\u00f3 \u00e1llapot\u00fa k\u00f6nyveidet \u00e9s vigy\u00e9l haza egy m\u00e1sikat! Gyermek- \u00e9s feln\u0151tt-k\u00f6nyveket egyar\u00e1nt v\u00e1runk!<br \/>\n\u00d3ri\u00e1s mesefolyam: \u00cdrjunk egy\u00fctt egy mes\u00e9t! Elkezd\u00fcnk egy mes\u00e9t, ti folytass\u00e1tok! \u00cdrjon hozz\u00e1 mindenki egy mondatot, hogy sz\u00e9p kerek t\u00f6rt\u00e9net legyen bel\u0151le! Minden gyermek, aki egy mondatot hozz\u00e1tesz, apr\u00f3 aj\u00e1nd\u00e9kot kap. Amennyiben megadod elektronikus el\u00e9rhet\u0151s\u00e9ged, az elk\u00e9sz\u00fclt mes\u00e9t elk\u00fcldj\u00fck sz\u00e1modra, egy gyermeket pedig vas\u00e1rnap d\u00e9lut\u00e1n kisorsolunk, \u00e9s k\u00f6nyvet nyerhet.<br \/>\nRajzold le legkedvesebb mesek\u00f6nyv szerepl\u0151det! A rajzol\u00f3k k\u00f6z\u00f6tt k\u00f6nyvet sorsolunk ki!<br \/>\nFolyamatosan T\u00e1rsasj\u00e1t\u00e9k, sz\u00ednez\u0151k, k\u00e9zm\u0171ves-foglalkoz\u00e1sok v\u00e1rj\u00e1k kicsiket \u00e9s nagyokat a kedvenc meseszerepl\u0151ikkel!<br \/>\n<strong>R\u00f3lunk:<\/strong><br \/>\nA <strong>Tud\u00e1sklaszter Nonprofit Kft.<\/strong> els\u0151dleges c\u00e9lja a h\u00e1tr\u00e1nyos helyzet\u0171 csoportok t\u00e1rsadalmi- \u00e9s munkaer\u0151-piaci re-integr\u00e1ci\u00f3j\u00e1nak el\u0151seg\u00edt\u00e9se. Ennek \u00e9rdek\u00e9ben, a c\u00e9lcsoport r\u00e9sz\u00e9re k\u00e9pz\u00e9si \u00e9s tan\u00e1csad\u00e1si szolg\u00e1ltat\u00e1sokat ny\u00fajtunk. Szervezet\u00fcnk akkredit\u00e1lt feln\u0151ttk\u00e9pz\u00e9si int\u00e9zm\u00e9nyk\u00e9nt feln\u0151ttk\u00e9pz\u00e9si programokat val\u00f3s\u00edt meg, els\u0151sorban h\u00e1tr\u00e1nyos helyzet\u0171 \u00e1ll\u00e1skeres\u0151k sz\u00e1m\u00e1ra.<br \/>\nA RENATA- Region\u00e1lis Atipikus Alkalmaz\u00e1sok \u2013 c\u00edm\u0171 projekt keret\u00e9ben ny\u00edlt meg Magyarorsz\u00e1g els\u0151 csal\u00e1dbar\u00e1t k\u00f6z\u00f6ss\u00e9gi irod\u00e1ja, a <strong>T\u00f3 Office K\u00f6z\u00f6ss\u00e9gi Iroda<\/strong>.<br \/>\nA n\u0151k munk\u00e1ba val\u00f3 visszat\u00e9r\u00e9s\u00e9nek t\u00e1mogat\u00e1sa mellett a k\u00f6z\u00f6ss\u00e9gi iroda k\u00fcldet\u00e9se, hogy az irod\u00e1hoz fordul\u00f3 partnerek \u2013 mag\u00e1nszem\u00e9lyek, mikro-, kis-, \u00e9s k\u00f6z\u00e9pv\u00e1llalkoz\u00e1sok, valamint civil szervezetek- professzion\u00e1lis kiszolg\u00e1l\u00e1st kapjanak.<br \/>\nA<strong> N\u00e1sfa Egyes\u00fclet<\/strong> 2008 \u00e9v elej\u00e9n alakult. M\u0171k\u00f6d\u00e9s\u00e9vel el\u0151 k\u00edv\u00e1nja seg\u00edteni a h\u00e1tr\u00e1nyos helyzet\u0171 t\u00e9rs\u00e9gek gazdas\u00e1gi, t\u00e1rsadalmi \u00e9s kultur\u00e1lis fejl\u0151d\u00e9s\u00e9t, felz\u00e1rk\u00f3z\u00e1s\u00e1t, ter\u00fcleti es\u00e9lyegyenl\u0151s\u00e9g\u00e9nek megteremt\u00e9s\u00e9t szolg\u00e1l\u00f3, valamint a n\u0151ket \u00e9r\u0151 munkaer\u0151 piaci \u00e9s egy\u00e9b h\u00e1tr\u00e1nyok lek\u00fczd\u00e9s\u00e9t seg\u00edt\u0151 innov\u00e1ci\u00f3kat. Ezen bel\u00fcl is el\u0151seg\u00edti az \u00e9lethosszig tart\u00f3 tanul\u00e1shoz val\u00f3 hozz\u00e1f\u00e9r\u00e9s\u00e9nek lehet\u0151s\u00e9g\u00e9t, kiemelten a Nyitott Tanul\u00e1si K\u00f6zpontok h\u00e1l\u00f3zathoz val\u00f3 csatlakoz\u00e1ssal, \u00faj K\u00f6zpontok l\u00e9trehoz\u00e1s\u00e1nak gener\u00e1l\u00e1s\u00e1val.<\/p>\n","protected":false},"excerpt":{"rendered":"<p>K\u00d6NYVH\u00c9T GYERMEKM\u00d3DRA Kiemelten fontos, hogy a k\u00f6nyv \u00fcnnepe a gyerekeknek is \u00fcnnep legyen, ez\u00e9rt a gyermekk\u00f6nyvkiad\u00f3k a k\u00f6nyvh\u00e9t alatt gyermekk\u00f6nyvekkel \u00e9s szerz\u0151ikkel, valamint izgalmas gyermekprogramokkal v\u00e1rj\u00e1k a legkisebbeket \u00e9s csal\u00e1djukat. T\u00f6bbek k\u00f6z\u00f6tt lesz\u00a0 Ap\u00e1k napi m\u00f3ka \u00e9s kacag\u00e1s, megcsod\u00e1lhatunk egy &hellip; <a href=\"http:\/\/konyvhetszeged2014.sk-szeged.hu\/?page_id=1060\">Tov\u00e1bb <span class=\"meta-nav\">&rarr;<\/span><\/a><\/p>\n","protected":false},"author":2,"featured_media":0,"parent":0,"menu_order":2,"comment_status":"closed","ping_status":"open","template":"","meta":{"footnotes":""},"class_list":["post-1060","page","type-page","status-publish","hentry"],"_links":{"self":[{"href":"http:\/\/konyvhetszeged2014.sk-szeged.hu\/index.php?rest_route=\/wp\/v2\/pages\/1060","targetHints":{"allow":["GET"]}}],"collection":[{"href":"http:\/\/konyvhetszeged2014.sk-szeged.hu\/index.php?rest_route=\/wp\/v2\/pages"}],"about":[{"href":"http:\/\/konyvhetszeged2014.sk-szeged.hu\/index.php?rest_route=\/wp\/v2\/types\/page"}],"author":[{"embeddable":true,"href":"http:\/\/konyvhetszeged2014.sk-szeged.hu\/index.php?rest_route=\/wp\/v2\/users\/2"}],"replies":[{"embeddable":true,"href":"http:\/\/konyvhetszeged2014.sk-szeged.hu\/index.php?rest_route=%2Fwp%2Fv2%2Fcomments&post=1060"}],"version-history":[{"count":10,"href":"http:\/\/konyvhetszeged2014.sk-szeged.hu\/index.php?rest_route=\/wp\/v2\/pages\/1060\/revisions"}],"predecessor-version":[{"id":1127,"href":"http:\/\/konyvhetszeged2014.sk-szeged.hu\/index.php?rest_route=\/wp\/v2\/pages\/1060\/revisions\/1127"}],"wp:attachment":[{"href":"http:\/\/konyvhetszeged2014.sk-szeged.hu\/index.php?rest_route=%2Fwp%2Fv2%2Fmedia&parent=1060"}],"curies":[{"name":"wp","href":"https:\/\/api.w.org\/{rel}","templated":true}]}}