{"id":1108,"date":"2014-06-04T22:05:25","date_gmt":"2014-06-04T20:05:25","guid":{"rendered":"http:\/\/konyvhetszeged2014.sk-szeged.hu\/?page_id=1108"},"modified":"2014-08-05T10:52:09","modified_gmt":"2014-08-05T08:52:09","slug":"a-mediaban","status":"publish","type":"page","link":"http:\/\/konyvhetszeged2014.sk-szeged.hu\/?page_id=1108","title":{"rendered":"A m\u00e9di\u00e1ban"},"content":{"rendered":"<ul>\n<li>J\u00fanius 20. (p\u00e9ntek)<\/li>\n<\/ul>\n<p><a href=\"http:\/\/vtvszeged.hu\/hun\/s_!news\/i_kultura_6\/i_bemutattak_olasz_sandor_posztumusz_kotetet_13278\/t_Bemutatt%C3%A1k%20Olasz%20S%C3%A1ndor%20posztumusz%20k%C3%B6tet%C3%A9t\/index.html\" target=\"_blank\">Bemutatt\u00e1k Olasz S\u00e1ndor posztumusz k\u00f6tet\u00e9t<\/a> (vtvszeged.hu)<br \/>\n<a href=\"http:\/\/www.u-szeged.hu\/sztehirek\/2014-junius\/konyvbemutato-szep-szo?objectParentFolderId=19355\" target=\"_blank\">K\u00f6nyvbemutat\u00f3 a \u201eSz\u00e9p sz\u00f3\u201d jegy\u00e9ben<\/a> (u-szeged.hu)<\/p>\n<ul>\n<li>J\u00fanius 17. (kedd)<\/li>\n<\/ul>\n<p><a href=\"http:\/\/www.szegedilap.hu\/cikkek\/irodalom-tortenes\/szeged-antologia-2014.html\" target=\"_blank\">Sz\u00e9pirodalmi keresztmetszet a V\u00e1roshoz k\u00f6t\u0151d\u0151 szerz\u0151kt\u0151l \u2013 Szeged Antol\u00f3gia 2014<\/a> (szegedilap.hu)<br \/>\n<a href=\"http:\/\/vimeo.com\/99008666\" target=\"_blank\">TiszapART TV \u2013 Heti K\u00f6z\u00e9let: Szeged Antol\u00f3gia 2014<\/a> (vimeo.com 00:30-14:40)<br \/>\n<a href=\"http:\/\/tiszatajonline.hu\/?p=56646\" target=\"_blank\">\u201eNe sz\u00e1m\u00edts elragadtat\u00e1sra!\u201d \u2013 Tiszat\u00e1j-est<\/a> (tiszatajonline.hu)<br \/>\n<a href=\"http:\/\/szegedma.hu\/hir\/szeged\/2014\/06\/keddi-programajanlo-panasznap-nagy-zeneszerzok-es-konyvbemutatok.html\" target=\"_blank\">Keddi programaj\u00e1nl\u00f3: panasznap, nagy zeneszerz\u0151k \u00e9s k\u00f6nyvbemutat\u00f3k<\/a> (szegedma.hu)<\/p>\n<ul>\n<li>J\u00fanius 16. (h\u00e9tf\u0151)<\/li>\n<\/ul>\n<p><a href=\"http:\/\/tiszatajonline.hu\/?p=56858\" target=\"_blank\">Univerzumok \u00e9s \u00edr\u00f3k egym\u00e1sba koccan\u00e1sa \u2013 besz\u00e9lget\u00e9s Barn\u00e1s Ferenccel, Oravecz Imr\u00e9vel \u00e9s Szilasi L\u00e1szl\u00f3val<\/a> (tiszatajonline.hu)<br \/>\n<a href=\"http:\/\/tiszatajonline.hu\/?p=56984\" target=\"_blank\">Forr\u00e1s \u00e9s torkolat \u2013 Oravecz Imre reg\u00e9ny\u00e9nek bemutat\u00f3ja<\/a> (tiszatajonline.hu)<br \/>\n<a href=\"http:\/\/szegedcafe.hu\/2014\/06\/18\/a-szegedi-kalyber-joe-kalandjai-kepregenytortenet-pilcz-rolanddal\/\" target=\"_blank\">A szegedi Kalyber Joe kalandjai \u2013 k\u00e9preg\u00e9nyt\u00f6rt\u00e9net Pilcz Rolanddal<\/a> (szegedcafe.hu)<br \/>\n<a href=\"http:\/\/www.arts.u-szeged.hu\/sztehirek\/2014-junius\/konyvunnep-mora?objectParentFolderId=14515\" target=\"_blank\">K\u00f6nyv\u00fcnnep M\u00f3ra Ferenccel, Avantgrounddal, \u00e1sv\u00e1nyokkal \u2013 2014. j\u00fanius 16.<\/a> (u-szeged.hu)<br \/>\n<a href=\"http:\/\/vimeo.com\/99716413\" target=\"_blank\">TiszapART TV \u2013 Heti K\u00f6z\u00e9let: Szekerny\u00e9s J\u00e1nos k\u00f6nyv\u00e9nek bemutat\u00f3ja<\/a> (vimeo.com 17.00-26.15)<br \/>\n<a href=\"http:\/\/szegedma.hu\/hir\/szeged\/2014\/06\/hetfoi-programajanlo-egerek-sajtok-es-mora-konferencia.html\" target=\"_blank\">H\u00e9tf\u0151i programaj\u00e1nl\u00f3: Egerek, sajtok \u00e9s M\u00f3ra-konferencia<\/a> (szegedma.hu)<\/p>\n<ul>\n<li>J\u00fanius 15. (vas\u00e1rnap)<\/li>\n<\/ul>\n<p><a href=\"http:\/\/tiszatajonline.hu\/?p=56749\" target=\"_blank\">A nemi szerepek nyelvi t\u00fckre<\/a> (tiszatajonline.hu)<br \/>\n<a href=\"http:\/\/www.u-szeged.hu\/sztehirek\/2014-junius\/konyvunnep-nok-konyvek?objectParentFolderId=19392\" target=\"_blank\">K\u00f6nyv\u00fcnnep: N\u0151k, k\u00f6nyvek, irodalom&#8230; \u2013 2014. j\u00fanius 15.<\/a> (u-szeged.hu)<br \/>\n<a href=\"http:\/\/www.delmagyar.hu\/kepek\/unnepi_konyvhet_szegeden_-_vasarnap\/2038599\/\" target=\"_blank\">\u00dcnnepi k\u00f6nyvh\u00e9t Szegeden &#8211; vas\u00e1rnap<\/a> (delmagyar.hu)<br \/>\n<a href=\"http:\/\/www.delmagyar.hu\/szeged_hirek\/apaknapi_koszontovel_indult_a_konyves_vasarnap\/2386111\/\" target=\"_blank\">Ap\u00e1knapi k\u00f6sz\u00f6nt\u0151vel indult a k\u00f6nyves vas\u00e1rnap<\/a> (delmagyar.hu)<\/p>\n<ul>\n<li>J\u00fanius 14. (szombat)<\/li>\n<\/ul>\n<p><a href=\"http:\/\/120evesaszoregirozsato.hu\/rendezveny\/szegedi-unnepi-konyvhet\/\" target=\"_blank\">R\u00f3zsakunh\u00f3 Alkot\u00f3m\u0171hely \u2013 k\u00e9pek a k\u00f3stol\u00f3val egybek\u00f6t\u00f6tt bemutat\u00f3r\u00f3l<\/a> (120evesaszoregirozsato.hu.hu)<br \/>\n<a href=\"http:\/\/tiszatajonline.hu\/?p=56732\" target=\"_blank\">Nyelv\u00fcnk, nyelv\u00e9szet\u00fcnk \u00e9s nyelvtudom\u00e1nyunk<\/a> (tiszatajonline.hu)<br \/>\n<a href=\"http:\/\/tiszatajonline.hu\/?tag=konyvhet-2014\" target=\"_blank\"> K\u00eds\u00e9rletek a Tud\u00e1skapuban<\/a> (tiszatajonline.hu)<br \/>\n<a href=\"http:\/\/www.szegedilap.hu\/cikkek\/irodalom-tortenes\/szegedi-irok-napja-2014-ben-is.html\" target=\"_blank\">Szegedi \u00cdr\u00f3k Napja 2014-ben is<\/a> (szegedilap.hu)<br \/>\n<a href=\"http:\/\/tiszatajonline.hu\/?p=56704\" target=\"_blank\">Inverz Pontoz\u00f3 \u2013 P\u00e1l S\u00e1ndor Attila k\u00f6nyv\u00e9nek bemutat\u00f3ja<\/a> (tiszatajonline.hu)<br \/>\n<a href=\"http:\/\/tiszatajonline.hu\/?p=56683\" target=\"_blank\">Kossuth-d\u00edj, gyermekirodalom \u00e9s feln\u0151ttek vil\u00e1ga \u2013 Temesi Ferenc reg\u00e9ny\u00e9r\u0151l<\/a> (tiszatajonline.hu)<br \/>\n<a href=\"http:\/\/www.u-szeged.hu\/sztehirek\/2014-junius\/konyvunnep?objectParentFolderId=19355\" target=\"_blank\">K\u00f6nyv\u00fcnnep Viharlovasokkal \u00e9s Folyamistennel \u2013 2014. j\u00fanius 14.<\/a> (u-szeged.hu)<\/p>\n<ul>\n<li>J\u00fanius 13. (p\u00e9ntek)<\/li>\n<\/ul>\n<p><a href=\"http:\/\/szegedma.hu\/hir\/szeged\/2014\/06\/az-elfeledett-posa-lajosra-emlekeztek-a-somogyi-konyvtarban-fotok.html\" target=\"_blank\">Az elfeledett P\u00f3sa Lajosra eml\u00e9keztek a Somogyi-k\u00f6nyvt\u00e1rban + fot\u00f3k<\/a> (szegedma.hu)<br \/>\n<a href=\"http:\/\/tiszatajonline.hu\/?p=56817\" target=\"_blank\">K\u00e1ldy-Nagy Gyula k\u00f6nyv\u00e9nek bemutat\u00f3ja<\/a> (tiszatajonline.hu)<br \/>\n<a href=\"http:\/\/vimeo.com\/100830558\" target=\"_blank\">TiszapART TV \u2013 Heti K\u00f6z\u00e9let: K\u00e1ldy-Nagy Gyula k\u00f6nyv\u00e9nek bemutat\u00f3ja<\/a> (vimeo.com 18.18-28.05)<br \/>\n<a href=\"http:\/\/vimeo.com\/100291562\" target=\"_blank\">TiszapART TV \u2013 Heti K\u00f6z\u00e9let: F\u00e1y D\u00e1vid eml\u00e9kezete<\/a> (vimeo.com 13.18-21.53)<br \/>\n<a href=\"http:\/\/tiszatajonline.hu\/?p=56657\" target=\"_blank\">S\u00e1ndor Kl\u00e1ra k\u00f6nyve a sz\u00e9kely \u00edr\u00e1sr\u00f3l<\/a> (tiszatajonline.hu)<br \/>\n<a href=\"http:\/\/vtvszeged.hu\/hun\/s_!news\/i_kultura_6\/i_az_iras_mindennek_a_lenyege_13194\/t_Az%20%C3%ADr%C3%A1s%20mindennek%20a%20l%C3%A9nyege\/index.html\" target=\"_blank\">\u201eAz \u00edr\u00e1s mindennek a l\u00e9nyege\u201d<\/a> (vtvszeged.hu)<br \/>\n<a href=\"http:\/\/tiszatajonline.hu\/?p=56659\" target=\"_blank\">Kicsi Lili, A h\u00e1zikedvenc<\/a> (tiszatajonline.hu)<br \/>\n<a href=\"http:\/\/www.u-szeged.hu\/sztehirek\/2014-junius\/konyvunnep-szent\" target=\"_blank\">K\u00f6nyv\u00fcnnep Szent-Gy\u00f6rgyivel \u2013 2014. j\u00fanius 13.<\/a> (u-szeged.hu)<br \/>\n<a href=\"http:\/\/szegedma.hu\/hir\/szeged\/2014\/06\/liliana-az-idei-ev-konyvkiralynoje-fotok.html?fb_action_ids=816084555083477&amp;fb_action_types=og.recommends\" target=\"_blank\">Lili\u00e1na az idei \u00e9v k\u00f6nyvkir\u00e1lyn\u0151je + fot\u00f3k<\/a> (szegedma.hu)<br \/>\n<a href=\"http:\/\/www.delmagyar.hu\/szeged_hirek\/liliana_lett_a_konyvkiralylany\/2385946\/\" target=\"_blank\">Lili\u00e1na lett a k\u00f6nyvkir\u00e1lyl\u00e1ny<\/a> (delmagyar.hu)<br \/>\n<a href=\"http:\/\/szegedcafe.hu\/2014\/06\/13\/10984-oldalt-olvasott-egy-ev-alatt-a-harmadikos-szegedi-lany\/\" target=\"_blank\">10984 oldalt olvasott egy \u00e9v alatt a harmadikos szegedi l\u00e1ny<\/a> (szegedcafe.hu)<br \/>\n<a href=\"https:\/\/szegedma.hu\/hir\/szeged\/2014\/06\/penteki-programajanlo-konyvbemutatok-rapid-randi-es-kepzelt-riport.html\" target=\"_blank\">P\u00e9nteki programaj\u00e1nl\u00f3: k\u00f6nyvbemutat\u00f3k, rapid randi \u00e9s K\u00e9pzelt riport<\/a> (szegedma.hu)<\/p>\n<ul>\n<li>J\u00fanius 12. (cs\u00fct\u00f6rt\u00f6k)<\/li>\n<\/ul>\n<p><a href=\"http:\/\/szeged.hu\/kepriport\/606-megnyilt-az-unnepi-konyvhet-a-dugonics-teren.html\" target=\"_blank\">Megny\u00edlt az \u00dcnnepi K\u00f6nyvh\u00e9t a Dugonics t\u00e9ren<\/a> (szeged.hu)<br \/>\n<a href=\"http:\/\/vimeo.com\/98514795\" target=\"_blank\">TiszapART TV \u2013 Heti K\u00f6z\u00e9let: megnyit\u00f3; Berem\u00e9nyi G\u00e9za k\u00f6nyvbemutat\u00f3ja<\/a> (vimeo.com 00:30-14:40; 23:48-32:22)<br \/>\n<a href=\"http:\/\/www.szegedilap.hu\/cikkek\/kultureset\/olvasas--irodalom--digitalizalas.html\" target=\"_blank\">Olvas\u00e1s, irodalom, digitaliz\u00e1l\u00e1s<\/a> (szegedilap.hu)<br \/>\n<a href=\"http:\/\/www.szegedilap.hu\/cikkek\/irodalom-tortenes\/hegedus-reka-toth-edit--megyunk-utanad--grecso-krisztian.html\" target=\"_blank\">Megy\u00fcnk ut\u00e1nad, Grecs\u00f3 Kriszti\u00e1n<\/a> (szegedilap.hu)<br \/>\n<a href=\"https:\/\/szegedma.hu\/hir\/szeged\/2014\/06\/dramai-szerelmek-es-dontesek-beremenyi-geza-es-grecso-krisztian-a-somogyiban-fotok.html\" target=\"_blank\">Dr\u00e1mai szerelmek \u00e9s d\u00f6nt\u00e9sek \u2013 Berem\u00e9nyi G\u00e9za \u00e9s Grecs\u00f3 Kriszti\u00e1n a Somogyiban + fot\u00f3k<\/a> (szegedma.hu)<br \/>\n<a href=\"http:\/\/vtvszeged.hu\/hun\/s_!news\/i_szeged_2\/i_digitalizaltak_a_delmagyart_13170\/t_Digitaliz%C3%A1lt%C3%A1k%20a%20D%C3%A9lmagyart\/index.html\" target=\"_blank\">Digitaliz\u00e1lt\u00e1k a D\u00e9lmagyart<\/a> (vtvszeged.hu)<br \/>\n<a href=\"https:\/\/szegedma.hu\/hir\/szeged\/2014\/06\/beremenyi-geza-szegeden-artalmas-a-tul-sok-fantazia-fotok.html\" target=\"_blank\">Berem\u00e9nyi G\u00e9za Szegeden: \u00c1rtalmas a t\u00fal sok fant\u00e1zia<\/a> (szegedma.hu)<br \/>\n<a href=\"http:\/\/tiszatajonline.hu\/?p=56529\" target=\"_blank\">Neoplanta bemutatkozik Szegeden<\/a> (tiszatajonline.hu)<br \/>\n<a href=\"http:\/\/tiszatajonline.hu\/?p=56540\" target=\"_blank\">Korszakok mennek, goly\u00f3stoll marad<\/a> (tiszatajonline.hu)<br \/>\n<a href=\"http:\/\/tiszatajonline.hu\/?p=56514\" target=\"_blank\">\u201eAz eml\u00e9k igazibb mint a val\u00f3s\u00e1g\u201d \u2013 Grecs\u00f3 Kriszti\u00e1n Megyek ut\u00e1nad k\u00f6nyvbemutat\u00f3ja<\/a> (tiszatajonline.hu)<br \/>\n<a href=\"http:\/\/www.magyarhirlap.hu\/ma-kezdodik-a-85-unnepi-konyvhet\" target=\"_blank\">Megny\u00edlt a 85. \u00dcnnepi K\u00f6nyvh\u00e9t<\/a> (magyarhirlap.hu)<br \/>\n<a href=\"http:\/\/www.szegedkultur.hu\/elkezdodott-85-unnepi-konyvhet\" target=\"_blank\">Elkezd\u0151d\u00f6tt a 85. \u00dcnnepi K\u00f6nyvh\u00e9t<\/a> (szegedkultur.hu)<br \/>\n<a href=\"http:\/\/www.irodalmijelen.hu\/2014-jun-12-1426\/veszelyes-konyvek-szegeden-nyitottak-meg-85-unnepi-konyvhetet\" target=\"_blank\">\u201eVesz\u00e9lyes k\u00f6nyvek\u201d \u2013 Szegeden nyitott\u00e1k meg a 85. \u00dcnnepi K\u00f6nyvhetet<\/a> (irodalmijelen.hu)<br \/>\n<a href=\"http:\/\/konyvkultura.kello.hu\/konyves-kozelet\/2014\/06\/szegedi-megnyito-ukh\" target=\"_blank\">Szegeden megny\u00edlt az \u00dcnnepi K\u00f6nyvh\u00e9t vid\u00e9ki rendezv\u00e9nysorozata<\/a> (konyvkultura.kello.hu)<br \/>\n<a href=\"http:\/\/www.stop.hu\/kultura\/konyvhet-orszagos-megnyito-szegeden\/1245811\/\" target=\"_blank\">K\u00f6nyvh\u00e9t: orsz\u00e1gos megnyit\u00f3 Szegeden<\/a> (stop.hu)<br \/>\n<a href=\"http:\/\/www.metropol.hu\/kultura\/cikk\/1195941\" target=\"_blank\">K\u00f6nyvh\u00e9t: orsz\u00e1gos megnyit\u00f3 Szegeden<\/a> (metropol.hu)<br \/>\n<a href=\"http:\/\/www.u-szeged.hu\/sztehirek\/2014-junius\/megnyilt-85-unnepi?objectParentFolderId=19396\" target=\"_blank\">Megny\u00edlt a 85. \u00dcnnepi K\u00f6nyvh\u00e9t \u2013 2014. j\u00fanius 12.<\/a> (u-szeged.hu)<br \/>\n<a href=\"http:\/\/www.stop.hu\/kultura\/elkeszult-a-delmagyarorszag-1945-elotti-lapszamainak-digitalis-archivuma\/1245823\/\" target=\"_blank\">Elk\u00e9sz\u00fclt a D\u00e9lmagyarorsz\u00e1g 1945 el\u0151tti lapsz\u00e1mainak digit\u00e1lis arch\u00edvuma<\/a> (stop.hu)<br \/>\n<a href=\"http:\/\/szegedcafe.hu\/2014\/06\/12\/szeged-regi-belvarosarol-szolo-kotet-lett-az-ev-konyve\/\" target=\"_blank\">Szeged r\u00e9gi belv\u00e1ros\u00e1r\u00f3l sz\u00f3l\u00f3 k\u00f6tet lett az \u00e9v k\u00f6nyve<\/a> (szegedcafe.hu)<br \/>\n<a href=\"http:\/\/szeged.hu\/hirek\/22621-megnyilt-a-konyves-varos-a-dugonics-teren.html?utm_source=rss&amp;%3Butm_medium=rss&amp;%3Butm_campaign=rss\" target=\"_blank\">Megny\u00edlt a k\u00f6nyves v\u00e1ros a Dugonics t\u00e9ren<\/a> (szeged.hu)<br \/>\n<a href=\"http:\/\/www.programturizmus.hu\/tdestination-unnepi-konyvhet-szeged.html\" target=\"_blank\">\u00dcnnepi K\u00f6nyvh\u00e9t \u00e9s Gyermekk\u00f6nyvnapok 2014 Szeged<\/a> (programturizmus.hu)<br \/>\n<a href=\"http:\/\/szegedma.hu\/hir\/szeged\/2014\/06\/szegedma-hu-online-jelentkezik-a-dugonics-teri-konyvkavalkadbol.html\" target=\"_blank\">V\u00e9gel L\u00e1szl\u00f3val \u00e9s Grecs\u00f3 Kriszti\u00e1nnal a k\u00f6nyvkavalk\u00e1db\u00f3l + fot\u00f3k<\/a> (szegedma.hu)<br \/>\n<a href=\"http:\/\/vtvszeged.hu\/hun\/s_!news\/i_kultura_6\/i_180_rendezveny_varja_az_olvasas_szerelmeseit_13158\/t_180%20rendezv%C3%A9ny%20v%C3%A1rja%20az%20olvas%C3%A1s%20szerelmeseit\/index.html\" target=\"_blank\">180 rendezv\u00e9ny v\u00e1rja az olvas\u00e1s szerelmeseit<\/a> (vtvszeged.hu)<br \/>\n<a href=\"http:\/\/www.delmagyar.hu\/szeged_hirek\/kotetek_a_nap_alatt_-_megnyilt_az_unnepi_konyvhet\/2385738\/\" target=\"_blank\">K\u00f6tetek a nap alatt &#8211; megny\u00edlt az \u00fcnnepi k\u00f6nyvh\u00e9t<\/a> (delmagyar.hu)<br \/>\n<a href=\"http:\/\/www.magyarhirlap.hu\/ma-kezdodik-a-85-unnepi-konyvhet\" target=\"_blank\">Megny\u00edlt a 85. \u00dcnnepi K\u00f6nyvh\u00e9t<\/a> (magyarhirlap.hu)<br \/>\n<a href=\"http:\/\/www.delmagyar.hu\/szeged_hirek\/ma_nyilik_a_delmagyarchiv_a_konyvheten\/2385679\/\" target=\"_blank\">Ma ny\u00edlik a D\u00e9lmagyArch\u00edv a k\u00f6nyvh\u00e9ten<\/a> (delmagyar.hu)<br \/>\n<a href=\"http:\/\/www.litera.hu\/hirek\/ezekben-percekben-nyit-a-85-unnepi-konyvhet\" target=\"_blank\">Ezekben a percekben nyit a 85. \u00dcnnepi K\u00f6nyvh\u00e9t<\/a> (litera.hu)<\/p>\n<ul>\n<li>J\u00fanius 11. (szerda)<\/li>\n<\/ul>\n<p><a href=\"http:\/\/www.szegedilap.hu\/cikkek\/irodalom-tortenes\/hegedus-reka-toth-edit--valtozo-vilag--orok-kamaszok.html\" target=\"_blank\">V\u00e1ltoz\u00f3 vil\u00e1g, \u00f6r\u00f6k kamaszok \u2013 Trenka Csaba G\u00e1bor k\u00f6nyv\u00e9nek bemutat\u00f3ja<\/a> (szegedilap.hu)<br \/>\n<a href=\"https:\/\/szegedma.hu\/hir\/szeged\/2014\/06\/szerdai-programajanlo-termeszetes-feny-es-salsa.html\" target=\"_blank\">Szerdai programaj\u00e1nl\u00f3: Term\u00e9szetes f\u00e9ny \u00e9s salsa<\/a> (szegedma.hu)<br \/>\n<a href=\"http:\/\/www.szegedilap.hu\/cikkek\/irodalom-tortenes\/fabulya-andrea-----a-let-orok-hullamverese---.html\" target=\"_blank\">\u201eA L\u00e9t \u00f6r\u00f6k hull\u00e1mver\u00e9se\u201d \u2013 Sz\u00e9ljegyzet Simai Mih\u00e1ly irodalmi estj\u00e9hez<\/a> (szegedilap.hu)<\/p>\n<ul>\n<li>J\u00fanius 10. (kedd)<\/li>\n<\/ul>\n<p><a href=\"https:\/\/szegedma.hu\/hir\/szeged\/2014\/06\/keddi-programajanlo-konyvhet-es-tanchaz.html\" target=\"_blank\">Keddi programaj\u00e1nl\u00f3: k\u00f6nyvh\u00e9t \u00e9s t\u00e1nch\u00e1z<\/a> (szegedma.hu)<br \/>\n<a href=\"http:\/\/vimeo.com\/99716413\" target=\"_blank\">TiszapART TV \u2013 Heti K\u00f6z\u00e9let: Csontos M\u00e1rta k\u00f6nyvbemutat\u00f3ja<\/a> (vimeo.com 00.29-07.30)<br \/>\n<a href=\"http:\/\/vimeo.com\/100291562\" target=\"_blank\">TiszapART TV \u2013 Heti K\u00f6z\u00e9let: \u00c1rp\u00e1s K\u00e1roly k\u00f6nyv\u00e9nek bemutat\u00f3ja<\/a> (vimeo.com 21.53-28.45)<\/p>\n<ul>\n<li>Kiad\u00f3k, partnerint\u00e9zm\u00e9nyek<\/li>\n<\/ul>\n<p><a href=\"http:\/\/szegedcafe.hu\/2014\/06\/22\/magas-tenger-szeged-utikonyv-es-pontozo-a-grimmben\/\" target=\"_blank\">Magas tenger, Szeged \u00fatik\u00f6nyv \u00e9s Pontoz\u00f3 a Grimmben<\/a> (szegedcafe.hu)<br \/>\n<a href=\"http:\/\/www.honvedelem.hu\/cikk\/44684\" target=\"_blank\">K\u00f6nyv\u00fcnnep Szegeden is \u2013 a Zr\u00ednyi Kiad\u00f3 el\u0151sz\u00f6r Szegeden<\/a> (honvedelem.hu)<br \/>\n<a href=\"http:\/\/www.grandcafe.szeged.hu\/index.php?option=com_content&amp;task=view&amp;id=785&amp;Itemid=1\" target=\"_blank\">A Grand Caf\u00e9 k\u00edn\u00e1lata<\/a> (grandcafe.szeged.hu)<br \/>\n<a href=\"http:\/\/www.vajma.info\/cikk\/kultura\/9559\/A-Forum-Konyvkiado-is-ott-lesz-az-Unnepi-Konyvheten.html\" target=\"_blank\">A Forum K\u00f6nyvkiad\u00f3 is ott lesz az \u00dcnnepi K\u00f6nyvh\u00e9ten<\/a> (vajma.info)<br \/>\n<a href=\"http:\/\/ww2.bibl.u-szeged.hu\/index.php\/nyitolap\/9-magyar-nyelvu-tartalom\/friss-hirek\/1145-konyvhet\" target=\"_blank\">Az SZTE Klebelsberg K\u00f6nyvt\u00e1r a K\u00f6nyvh\u00e9ten<\/a> (ww2bibl.u-szeged.hu)<br \/>\n<a href=\"http:\/\/kiadok.lira.hu\/kiado\/magveto\/index.php?action=hir&amp;id=1544\" target=\"_blank\">A Magvet\u0151 Kiad\u00f3 szegedi k\u00f6nyvheti programjai<\/a> (magveto.hu)<\/p>\n<ul>\n<li>\u201eBeharangoz\u00f3k\u201d<\/li>\n<\/ul>\n<p><a href=\"http:\/\/promenad.hu\/cikk\/kozel-200-program-a-szegedi-unnepi-konyvheten-143970\" target=\"_blank\">K\u00f6zel 200 program a szegedi \u00fcnnepi k\u00f6nyvh\u00e9ten!<\/a> (promenad.hu)<br \/>\n<a href=\"http:\/\/www.szuperinfo.hu\/neves-irovendegekkel-nyit-a-85-unnepi-konyvhet-szegeden\/2575148\" target=\"_blank\">Neves \u00edr\u00f3vend\u00e9gekkel nyit a 85. \u00dcnnepi K\u00f6nyvh\u00e9t Szegeden<\/a> (szuperinfo.hu)<br \/>\n<a href=\"http:\/\/szegedma.hu\/hir\/szeged\/2014\/06\/neves-irovendegekkel-nyit-a-85-unnepi-konyvhet-szegeden-2.html\" target=\"_blank\">Neves \u00edr\u00f3vend\u00e9gekkel nyit a 85. \u00dcnnepi K\u00f6nyvh\u00e9t Szegeden<\/a> (szegedma.hu)<br \/>\n<a href=\"http:\/\/szegedma.hu\/hir\/szeged\/2014\/06\/a-szegedi-tudomanyegyetem-is-var-a-konyvheten.html\" target=\"_blank\">A Szegedi Tudom\u00e1nyegyetem is v\u00e1r a k\u00f6nyvh\u00e9ten<\/a> (szegedma.hu)<br \/>\n<a href=\"http:\/\/www.magyarszo.com\/hu\/2366\/kultura_irodalom\/112389\/Neves-%C3%ADr%C3%B3vend%C3%A9gekkel-nyit-a-85-%C3%9Cnnepi-K%C3%B6nyvh%C3%A9t-Szegeden.htm\" target=\"_blank\">Neves \u00edr\u00f3vend\u00e9gekkel nyit a 85. \u00dcnnepi K\u00f6nyvh\u00e9t Szegeden<\/a> (magyarszo.com)<br \/>\n<a href=\"http:\/\/cultura.hu\/aktualis\/unnepi-konyvhet-szegeden\/\" target=\"_blank\">\u00dcnnep \u00e9s K\u00f6nyvh\u00e9t Szegeden<\/a> (cultura.hu)<br \/>\n<a href=\"http:\/\/www.szegedkultur.hu\/85-unnepi-konyvhet-szeged\/\" target=\"_blank\">85. \u00dcnnepi K\u00f6nyvh\u00e9t Szeged<\/a> (szegedkultur.hu)<br \/>\n<a href=\"http:\/\/www.u-szeged.hu\/kongresszusikozpont\/kongresszusi-kozpont\/klebelsberg-konyvtar-140610\" target=\"_blank\">A Klebelsberg K\u00f6nyvt\u00e1r programjai a 85. \u00dcnnepi K\u00f6nyvh\u00e9t alkalm\u00e1b\u00f3l<\/a> (u-szeged.hu)<br \/>\n<a href=\"http:\/\/viharsarkihirek.hu\/unnepi-konyvhet-szegeden\/\" target=\"_blank\">\u00dcnnepi K\u00f6nyvh\u00e9t Szegeden<\/a> (viharsarkihirek.hu)<br \/>\n<a href=\"http:\/\/www.magyarhirlap.hu\/unnepi-konyvhet-szegeden\" target=\"_blank\">\u00dcnnepi K\u00f6nyvh\u00e9t Szegeden<\/a> (magyarhirlap.hu)<br \/>\n<a href=\"http:\/\/tiszatajonline.hu\/?p=56160\" target=\"_blank\">\u00dcnnepi K\u00f6nyvh\u00e9t Szegeden<\/a> (tiszatajonline.hu)<br \/>\n<a href=\"http:\/\/vtvszeged.hu\/hun\/s_%21news\/i_kultura_6\/i_unnepi_konyvhet_szegedi_megnyitoval_13106\/t_%C3%9Cnnepi%20K%C3%B6nyvh%C3%A9t%20szegedi%20megnyit%C3%B3val\/index.html\" target=\"_blank\">\u00dcnnepi K\u00f6nyvh\u00e9t szegedi megnyit\u00f3val<\/a> (vtvszeged.hu)<br \/>\n<a href=\"http:\/\/szegedma.hu\/hir\/szeged\/2014\/06\/szeged-nyitja-iden-az-orszagos-unnepi-konyvhetet.html\" target=\"_blank\">Szeged nyitja id\u00e9n az orsz\u00e1gos \u00dcnnepi K\u00f6nyvhetet<\/a> (szegedma.hu)<br \/>\n<a href=\"http:\/\/szeged.hu\/kultura\/hirek\/22556-szegeden-nyitjak-meg-az-orszag-konyvunnepet.html\" target=\"_blank\">Szegeden nyitj\u00e1k meg az orsz\u00e1g k\u00f6nyv\u00fcnnep\u00e9t<\/a> (szeged.hu)<br \/>\n<a href=\"http:\/\/szegedcafe.hu\/2014\/06\/05\/grecso-krisztian-es-karafiath-orsolya-is-jon-az-unnepi-konyvhetre\/\" target=\"_blank\">Grecs\u00f3 Kriszti\u00e1n \u00e9s Karafi\u00e1th Orsolya is j\u00f6n az \u00dcnnepi K\u00f6nyvh\u00e9tre<\/a> (szegedcafe.hu)<br \/>\n<a href=\"http:\/\/www.delmagyar.hu\/szeged_hirek\/szeged_az_unnep_konyvhet_videki_kozpontja\/2384876\/\" target=\"_blank\">Szeged az \u00fcnnep k\u00f6nyvh\u00e9t vid\u00e9ki k\u00f6zpontja<\/a> (delmagyar.hu)<br \/>\n<a href=\"http:\/\/www.radio88.hu\/jovo_csutortokon_kezdodik_a_85_unnepi_konyvh\" target=\"_blank\">J\u00f6v\u0151 cs\u00fct\u00f6rt\u00f6k\u00f6n kezd\u0151dik a 85. \u00dcnnepi K\u00f6nyvh\u00e9t Szegeden<\/a> (radio88.hu)<br \/>\n<a href=\"http:\/\/www.metropol.hu\/kultura\/cikk\/1193666-unnepi-konyvhet-szegeden\" target=\"_blank\">\u00dcnnepi K\u00f6nyvh\u00e9t Szegeden<\/a> (metropol.hu)<br \/>\n<a href=\"http:\/\/www.szegedinapilap.hu\/cikk\/85__Unnepi_Konyvhet_Szegeden\/167076\/\" target=\"_blank\">85. \u00dcnnepi K\u00f6nyvh\u00e9t Szegeden<\/a> (szegedinapilap.hu)<br \/>\n<a href=\"http:\/\/www.szegedilap.hu\/cikkek\/kultureset\/85.-unnepi-konyvhet---elozetes.html\" target=\"_blank\">85. \u00dcnnepi K\u00f6nyvh\u00e9t \u2013 besz\u00e9lget\u00e9s And\u00f3czi Balogh \u00c9v\u00e1val<\/a> (szegedilap.hu)<\/p>\n","protected":false},"excerpt":{"rendered":"<p>J\u00fanius 20. (p\u00e9ntek) Bemutatt\u00e1k Olasz S\u00e1ndor posztumusz k\u00f6tet\u00e9t (vtvszeged.hu) K\u00f6nyvbemutat\u00f3 a \u201eSz\u00e9p sz\u00f3\u201d jegy\u00e9ben (u-szeged.hu) J\u00fanius 17. (kedd) Sz\u00e9pirodalmi keresztmetszet a V\u00e1roshoz k\u00f6t\u0151d\u0151 szerz\u0151kt\u0151l \u2013 Szeged Antol\u00f3gia 2014 (szegedilap.hu) TiszapART TV \u2013 Heti K\u00f6z\u00e9let: Szeged Antol\u00f3gia 2014 (vimeo.com 00:30-14:40) \u201eNe &hellip; <a href=\"http:\/\/konyvhetszeged2014.sk-szeged.hu\/?page_id=1108\">Tov\u00e1bb <span class=\"meta-nav\">&rarr;<\/span><\/a><\/p>\n","protected":false},"author":2,"featured_media":0,"parent":0,"menu_order":3,"comment_status":"closed","ping_status":"open","template":"","meta":{"footnotes":""},"class_list":["post-1108","page","type-page","status-publish","hentry"],"_links":{"self":[{"href":"http:\/\/konyvhetszeged2014.sk-szeged.hu\/index.php?rest_route=\/wp\/v2\/pages\/1108","targetHints":{"allow":["GET"]}}],"collection":[{"href":"http:\/\/konyvhetszeged2014.sk-szeged.hu\/index.php?rest_route=\/wp\/v2\/pages"}],"about":[{"href":"http:\/\/konyvhetszeged2014.sk-szeged.hu\/index.php?rest_route=\/wp\/v2\/types\/page"}],"author":[{"embeddable":true,"href":"http:\/\/konyvhetszeged2014.sk-szeged.hu\/index.php?rest_route=\/wp\/v2\/users\/2"}],"replies":[{"embeddable":true,"href":"http:\/\/konyvhetszeged2014.sk-szeged.hu\/index.php?rest_route=%2Fwp%2Fv2%2Fcomments&post=1108"}],"version-history":[{"count":79,"href":"http:\/\/konyvhetszeged2014.sk-szeged.hu\/index.php?rest_route=\/wp\/v2\/pages\/1108\/revisions"}],"predecessor-version":[{"id":1545,"href":"http:\/\/konyvhetszeged2014.sk-szeged.hu\/index.php?rest_route=\/wp\/v2\/pages\/1108\/revisions\/1545"}],"wp:attachment":[{"href":"http:\/\/konyvhetszeged2014.sk-szeged.hu\/index.php?rest_route=%2Fwp%2Fv2%2Fmedia&parent=1108"}],"curies":[{"name":"wp","href":"https:\/\/api.w.org\/{rel}","templated":true}]}}